{"id":2826,"date":"2025-08-22T12:58:29","date_gmt":"2025-08-22T12:58:29","guid":{"rendered":"https:\/\/franks-ferienhaus.de\/?page_id=2826"},"modified":"2026-02-04T21:30:31","modified_gmt":"2026-02-04T21:30:31","slug":"faq","status":"publish","type":"page","link":"https:\/\/franks-ferienhaus.de\/?page_id=2826","title":{"rendered":"FAQ"},"content":{"rendered":"\t\t<div data-elementor-type=\"wp-page\" data-elementor-id=\"2826\" class=\"elementor elementor-2826\">\n\t\t\t\t<div class=\"elementor-element elementor-element-c701501 e-flex e-con-boxed e-con e-parent\" data-id=\"c701501\" data-element_type=\"container\">\n\t\t\t\t\t<div class=\"e-con-inner\">\n\t\t\t\t<div class=\"elementor-element elementor-element-5332c77 elementor-widget elementor-widget-html\" data-id=\"5332c77\" data-element_type=\"widget\" data-widget_type=\"html.default\">\n\t\t\t\t<div class=\"elementor-widget-container\">\n\t\t\t\t\t<section id=\"faq\" style=\"max-width: 800px; margin: 0 auto; font-family: Tahoma, Tahoma;\">\r\n  <h1>H\u00e4ufig gestellte Fragen (FAQ)<\/h2>\r\n\r\n  <style>\r\n    .faq-item {\r\n      border-bottom: 1px solid #ddd;\r\n      padding: 10px 0;\r\n    }\r\n\r\n    .faq-question {\r\n      cursor: pointer;\r\n      position: relative;\r\n      font-weight: bold;\r\n      padding-right: 25px;\r\n    }\r\n\r\n    .faq-question::after {\r\n      content: '\\25BC'; \/* Pfeil nach unten *\/\r\n      position: absolute;\r\n      right: 0;\r\n      top: 50%;\r\n      transform: translateY(-50%);\r\n      transition: transform 0.3s;\r\n    }\r\n\r\n    .faq-question.active::after {\r\n      transform: translateY(-50%) rotate(180deg);\r\n    }\r\n\r\n    .faq-answer {\r\n      display: none;\r\n      padding: 10px 0 0 0;\r\n      line-height: 1.5;\r\n      color: #333;\r\n    }\r\n  <\/style>\r\n\r\n  <div class=\"faq-item\">\r\n    <div class=\"faq-question\">Wie viele Personen k\u00f6nnen im Ferienhaus \u00fcbernachten?<\/div>\r\n    <div class=\"faq-answer\">Das Ferienhaus bietet Platz f\u00fcr bis zu 10 Personen \u2013 ideal f\u00fcr Familien, Paare oder kleine Gruppen.<\/div>\r\n  <\/div>\r\n\r\n  <div class=\"faq-item\">\r\n    <div class=\"faq-question\">Sind Kinder im Ferienhaus willkommen?<\/div>\r\n    <div class=\"faq-answer\">Ja, das Ferienhaus ist besonders familienfreundlich! Es gibt eine separate Freizeitetage mit Spielen, Tischtennis, Kicker und Billard sowie einen gro\u00dfen Spielplatz und einen Indoor-Spielplatz ganz in der N\u00e4he.<\/div>\r\n  <\/div>\r\n\r\n  <div class=\"faq-item\">\r\n    <div class=\"faq-question\">Gibt es W-LAN im Ferienhaus?<\/div>\r\n    <div class=\"faq-answer\">Ja, kostenloses WLAN steht im gesamten Haus zur Verf\u00fcgung.<\/div>\r\n  <\/div>\r\n\r\n  <div class=\"faq-item\">\r\n    <div class=\"faq-question\">Sind Bettw\u00e4sche und Handt\u00fccher inklusive?<\/div>\r\n    <div class=\"faq-answer\">Bettw\u00e4sche und Handt\u00fccher sind im Preis inklusive.<\/div>\r\n  <\/div>\r\n\r\n  <div class=\"faq-item\">\r\n    <div class=\"faq-question\">Darf im Haus geraucht werden?<\/div>\r\n    <div class=\"faq-answer\">Nein, das Ferienhaus ist ein Nichtraucherhaus. Auf der Terrasse darf nat\u00fcrlich geraucht werden. Bei Versto\u00df gegen Rauchverbot wird eine Reinigungsgeb\u00fchr in H\u00f6he von mindestens 300\u20ac berechnet.<\/div>\r\n  <\/div>\r\n\r\n  <div class=\"faq-item\">\r\n    <div class=\"faq-question\">Gibt es Einkaufsm\u00f6glichkeiten in der N\u00e4he?<\/div>\r\n    <div class=\"faq-answer\">Ja, im Ortskern von Twist (nur wenige Minuten entfernt) gibt es Superm\u00e4rkte, B\u00e4cker, Apotheken und Restaurants.<\/div>\r\n  <\/div>\r\n\r\n  <div class=\"faq-item\">\r\n    <div class=\"faq-question\">Welche Freizeitangebote gibt es direkt am Ferienhaus?<\/div>\r\n    <div class=\"faq-answer\">\r\n      Direkt am Haus gibt es:<br>\r\n      \u2022 Einen gro\u00dfen Naturgarten mit Seeblick<br>\r\n      \u2022 Eine Freizeitetage mit Kicker, Billard, Tischtennis, TV, Brettspiele, B\u00fccher<br>\r\n      \u2022 In fu\u00dfl\u00e4ufiger N\u00e4he: Indoor-Spielplatz, Reiten, Au\u00dfenspielplatz, Wandern, Fahrradtouren und ein Restaurant\r\n    <\/div>\r\n  <\/div>\r\n\r\n  <div class=\"faq-item\">\r\n    <div class=\"faq-question\">Gibt es Parkpl\u00e4tze?<\/div>\r\n    <div class=\"faq-answer\">Ja, 4 kostenlose Parkpl\u00e4tze stehen direkt am Ferienhaus zur Verf\u00fcgung.<\/div>\r\n  <\/div>\r\n\r\n  <div class=\"faq-item\">\r\n    <div class=\"faq-question\">Wie buche ich das Ferienhaus?<\/div>\r\n    <div class=\"faq-answer\">Du kannst direkt \u00fcber unsere Website online buchen oder eine Anfrage senden  sowie uns eine Buchungsanfrage per E-Mail, WhatsApp zukommen lassen. Wir melden uns schnellstm\u00f6glich zur\u00fcck.<\/div>\r\n  <\/div>\r\n\r\n  <script>\r\n    const questions = document.querySelectorAll('.faq-question');\r\n    questions.forEach(q => {\r\n      q.addEventListener('click', () => {\r\n        q.classList.toggle('active');\r\n        const answer = q.nextElementSibling;\r\n        if(answer.style.display === 'block') {\r\n          answer.style.display = 'none';\r\n        } else {\r\n          answer.style.display = 'block';\r\n        }\r\n      });\r\n    });\r\n  <\/script>\r\n<\/section>\r\n\t\t\t\t<\/div>\n\t\t\t\t<\/div>\n\t\t\t\t\t<\/div>\n\t\t\t\t<\/div>\n\t\t\t\t<\/div>\n\t\t","protected":false},"excerpt":{"rendered":"<p>H\u00e4ufig gestellte Fragen (FAQ) Wie viele Personen k\u00f6nnen im Ferienhaus \u00fcbernachten? Das Ferienhaus bietet Platz f\u00fcr bis zu 10 Personen \u2013 ideal f\u00fcr Familien, Paare oder kleine Gruppen. Sind Kinder im Ferienhaus willkommen? Ja, das Ferienhaus ist besonders familienfreundlich! Es gibt eine separate Freizeitetage mit Spielen, Tischtennis, Kicker und Billard sowie einen gro\u00dfen Spielplatz und [&hellip;]<\/p>\n","protected":false},"author":1,"featured_media":0,"parent":0,"menu_order":0,"comment_status":"closed","ping_status":"closed","template":"page-templates\/template-default.php","meta":{"footnotes":""},"class_list":["post-2826","page","type-page","status-publish","hentry"],"_links":{"self":[{"href":"https:\/\/franks-ferienhaus.de\/index.php?rest_route=\/wp\/v2\/pages\/2826","targetHints":{"allow":["GET"]}}],"collection":[{"href":"https:\/\/franks-ferienhaus.de\/index.php?rest_route=\/wp\/v2\/pages"}],"about":[{"href":"https:\/\/franks-ferienhaus.de\/index.php?rest_route=\/wp\/v2\/types\/page"}],"author":[{"embeddable":true,"href":"https:\/\/franks-ferienhaus.de\/index.php?rest_route=\/wp\/v2\/users\/1"}],"replies":[{"embeddable":true,"href":"https:\/\/franks-ferienhaus.de\/index.php?rest_route=%2Fwp%2Fv2%2Fcomments&post=2826"}],"version-history":[{"count":22,"href":"https:\/\/franks-ferienhaus.de\/index.php?rest_route=\/wp\/v2\/pages\/2826\/revisions"}],"predecessor-version":[{"id":3498,"href":"https:\/\/franks-ferienhaus.de\/index.php?rest_route=\/wp\/v2\/pages\/2826\/revisions\/3498"}],"wp:attachment":[{"href":"https:\/\/franks-ferienhaus.de\/index.php?rest_route=%2Fwp%2Fv2%2Fmedia&parent=2826"}],"curies":[{"name":"wp","href":"https:\/\/api.w.org\/{rel}","templated":true}]}}